{"id":135,"date":"2015-03-09T11:36:32","date_gmt":"2015-03-09T09:36:32","guid":{"rendered":"https:\/\/www.medienzentrum-wmk.de\/wp-technik\/?page_id=135"},"modified":"2015-04-07T07:58:50","modified_gmt":"2015-04-07T05:58:50","slug":"open-office","status":"publish","type":"page","link":"https:\/\/www.medienzentrum-wmk.de\/wp-technik\/open-office\/","title":{"rendered":"Open Office"},"content":{"rendered":"<p><img decoding=\"async\" src=\"https:\/\/www.medienzentrum-wmk.de\/wp-technik\/wp-content\/uploads\/formidable\/Aoo4-main-tm-logo-rgb.svg_.png\" alt=\"offizielles Logo der Version 4 von Open Office\" title=\"offizielles Logo der Version 4 von Open Office\"><\/p>\n<p>Hersteller:<br \/>\nApache Software Foundation (<a href=\"http:\/\/www.apache.org\/\">http:\/\/www.apache.org\/<\/a>)<\/p>\n<p>Downloads:<br \/>\nDownload von apache.org (<a href=\"http:\/\/openoffice.apache.org\/\">http:\/\/openoffice.apache.org\/<\/a>)<br \/>\nDownload von chip.de (<a href=\"http:\/\/www.chip.de\/downloads\/OpenOffice_13004346.html\">http:\/\/www.chip.de\/downloads\/OpenOffice_13004346.html<\/a>)<\/p>\n<p>Youtube:<br \/>\nOpen office 4 writer beginners tutorial &#8211; DCP Web Designers Tutorial (<a href=\"pI53WCpAJ3Y\">pI53WCpAJ3Y<\/a>)<br \/>\n (<a href=\"\"><\/a>)<\/p>\n<p>Beschreibung:<\/p>\n<p><p>Open Office bietet eine vergleichbaren Nutzungsumfang wie das Microsoft Produkt Office.  Wenn Sie einen Brief schreiben eine Pr\u00e4sentation entwerfen oder eine Tabellenkalkulation erstellen wollen stehen Ihnen diese f\u00fcnf Module zu Verf\u00fcgung:<\/p>\n<p>\u2022 Writer \u2013 die Textverarbeitung<br \/>\n\u2022 Calc \u2013 die Tabellenkalkulation<br \/>\n\u2022 Draw \u2013 das Zeichenprogramm<br \/>\n\u2022 Impress \u2013 das Pr\u00e4sentationsprogramm<br \/>\n\u2022 Base \u2013 das Datenbankmodul<br \/>\n\u2022 Math \u2013 das Formelmodul<\/p>\n<p>Ist OpenOffice.org mit den Microsoft-Formaten kompatibel?<\/p>\n<p>Dokumente werden in den g\u00e4ngigen Microsoft-Office-Formaten sowohl gelesen als k\u00f6nne  auch gespeichert werden. Die aktuelle Version 3.1.1 l\u00e4uft genauso stabil wie die Software der Konkurrenz.<\/p><\/p>\n","protected":false},"excerpt":{"rendered":"<p>Hersteller: Apache Software Foundation (http:\/\/www.apache.org\/) Downloads: Download von apache.org (http:\/\/openoffice.apache.org\/) Download von chip.de (http:\/\/www.chip.de\/downloads\/OpenOffice_13004346.html) Youtube: Open office 4 writer beginners tutorial &#8211; DCP Web Designers Tutorial (pI53WCpAJ3Y) () Beschreibung: Open Office bietet eine vergleichbaren Nutzungsumfang wie das Microsoft Produkt Office. Wenn Sie einen Brief schreiben eine Pr\u00e4sentation entwerfen oder eine Tabellenkalkulation erstellen wollen stehen Ihnen [&hellip;]<\/p>\n","protected":false},"author":1,"featured_media":0,"parent":0,"menu_order":0,"comment_status":"closed","ping_status":"closed","template":"","meta":{"footnotes":""},"class_list":["post-135","page","type-page","status-publish","hentry","wpautop"],"aioseo_notices":[],"_links":{"self":[{"href":"https:\/\/www.medienzentrum-wmk.de\/wp-technik\/wp-json\/wp\/v2\/pages\/135","targetHints":{"allow":["GET"]}}],"collection":[{"href":"https:\/\/www.medienzentrum-wmk.de\/wp-technik\/wp-json\/wp\/v2\/pages"}],"about":[{"href":"https:\/\/www.medienzentrum-wmk.de\/wp-technik\/wp-json\/wp\/v2\/types\/page"}],"author":[{"embeddable":true,"href":"https:\/\/www.medienzentrum-wmk.de\/wp-technik\/wp-json\/wp\/v2\/users\/1"}],"replies":[{"embeddable":true,"href":"https:\/\/www.medienzentrum-wmk.de\/wp-technik\/wp-json\/wp\/v2\/comments?post=135"}],"version-history":[{"count":1,"href":"https:\/\/www.medienzentrum-wmk.de\/wp-technik\/wp-json\/wp\/v2\/pages\/135\/revisions"}],"predecessor-version":[{"id":194,"href":"https:\/\/www.medienzentrum-wmk.de\/wp-technik\/wp-json\/wp\/v2\/pages\/135\/revisions\/194"}],"wp:attachment":[{"href":"https:\/\/www.medienzentrum-wmk.de\/wp-technik\/wp-json\/wp\/v2\/media?parent=135"}],"curies":[{"name":"wp","href":"https:\/\/api.w.org\/{rel}","templated":true}]}}