{"id":181,"date":"2015-04-01T12:09:44","date_gmt":"2015-04-01T10:09:44","guid":{"rendered":"https:\/\/www.medienzentrum-wmk.de\/wp-technik\/?page_id=181"},"modified":"2015-04-07T07:58:29","modified_gmt":"2015-04-07T05:58:29","slug":"geogebra","status":"publish","type":"page","link":"https:\/\/www.medienzentrum-wmk.de\/wp-technik\/geogebra\/","title":{"rendered":"GeoGebra"},"content":{"rendered":"<p><img decoding=\"async\" src=\"https:\/\/www.medienzentrum-wmk.de\/wp-technik\/wp-content\/uploads\/formidable\/geogebra.png\" alt=\"Geogebra Logo\" title=\"Geogebra Logo\" style=\"max-width:500px;\"><\/p>\n<h3>Hersteller:<\/h3>\n<p>International GeoGebra Institute (<a href=\"http:\/\/www.geogebra.org\">http:\/\/www.geogebra.org<\/a>)<\/p>\n<h3>Downloads:<\/h3>\n<p>Download von geogebra.org (<a href=\"http:\/\/www.geogebra.org\/download\">http:\/\/www.geogebra.org\/download<\/a>)<br \/>\nDownload von chip.de (<a href=\"http:\/\/www.chip.de\/downloads\/GeoGebra_20747798.html\">http:\/\/www.chip.de\/downloads\/GeoGebra_20747798.html<\/a>)<\/p>\n<h3>Beschreibung:<\/h3>\n<p><p>GeoGebra ist eine kostenlose Mathematik-Software f\u00fcr den Unterricht in den Sekundarstufen. Auch f\u00fcr die Klausurvorbereitungen und Hausaufgaben hilft das Programm im Themenbereich Geometrie, Algebra und Analysis.<\/p>\n<p>Im Mittelpunkt des Programms steht ein Koordinatensystem in dem Sie sich Graphen anzeigen lassen k\u00f6nnen. Die Koordinatenpunkte oder geometrische Objekte k\u00f6nnen Sie mit Hilfe der Funktionsleiste direkt in das Koordinatensystem per Mausklick erstellen und sich die dazugeh\u00f6rige Funktion ausgeben lassen.<\/p>\n<p>Der umgekehrte Weg geht nat\u00fcrlich auch. Sie geben die Funktion ein und es wird Ihnen im Koordinatensystem der Graph angezeigt.<\/p>\n<p>Durch die dynamische Funktion des Programms k\u00f6nnen Sie auch im Nachhinein durch Verschieben der Punkte oder ganzer Konstruktionen \u00c4nderungen vornehmen.<\/p>\n<p>Sie k\u00f6nnen GeoGebra als Browseranwendung (Javaanwendung) starten oder lokal auf Ihrem Rechner installieren. Hier finden Sie alle n\u00f6tigen Beschreibungen und Downloads zu GeoGebra: <a href=\"http:\/\/www.geogebra.org\/cms\/\">http:\/\/www.geogebra.org\/cms\/<\/a><\/p>\n<\/p>\n<p><span style=\"display:block;margin-bottom:50px;\"><\/span><\/p>\n","protected":false},"excerpt":{"rendered":"<p>Hersteller: International GeoGebra Institute (http:\/\/www.geogebra.org) Downloads: Download von geogebra.org (http:\/\/www.geogebra.org\/download) Download von chip.de (http:\/\/www.chip.de\/downloads\/GeoGebra_20747798.html) Beschreibung: GeoGebra ist eine kostenlose Mathematik-Software f\u00fcr den Unterricht in den Sekundarstufen. Auch f\u00fcr die Klausurvorbereitungen und Hausaufgaben hilft das Programm im Themenbereich Geometrie, Algebra und Analysis. Im Mittelpunkt des Programms steht ein Koordinatensystem in dem Sie sich Graphen anzeigen lassen [&hellip;]<\/p>\n","protected":false},"author":1,"featured_media":0,"parent":0,"menu_order":0,"comment_status":"closed","ping_status":"closed","template":"","meta":{"footnotes":""},"class_list":["post-181","page","type-page","status-publish","hentry","wpautop"],"aioseo_notices":[],"_links":{"self":[{"href":"https:\/\/www.medienzentrum-wmk.de\/wp-technik\/wp-json\/wp\/v2\/pages\/181","targetHints":{"allow":["GET"]}}],"collection":[{"href":"https:\/\/www.medienzentrum-wmk.de\/wp-technik\/wp-json\/wp\/v2\/pages"}],"about":[{"href":"https:\/\/www.medienzentrum-wmk.de\/wp-technik\/wp-json\/wp\/v2\/types\/page"}],"author":[{"embeddable":true,"href":"https:\/\/www.medienzentrum-wmk.de\/wp-technik\/wp-json\/wp\/v2\/users\/1"}],"replies":[{"embeddable":true,"href":"https:\/\/www.medienzentrum-wmk.de\/wp-technik\/wp-json\/wp\/v2\/comments?post=181"}],"version-history":[{"count":1,"href":"https:\/\/www.medienzentrum-wmk.de\/wp-technik\/wp-json\/wp\/v2\/pages\/181\/revisions"}],"predecessor-version":[{"id":182,"href":"https:\/\/www.medienzentrum-wmk.de\/wp-technik\/wp-json\/wp\/v2\/pages\/181\/revisions\/182"}],"wp:attachment":[{"href":"https:\/\/www.medienzentrum-wmk.de\/wp-technik\/wp-json\/wp\/v2\/media?parent=181"}],"curies":[{"name":"wp","href":"https:\/\/api.w.org\/{rel}","templated":true}]}}