{"id":184,"date":"2015-04-01T12:18:54","date_gmt":"2015-04-01T10:18:54","guid":{"rendered":"https:\/\/www.medienzentrum-wmk.de\/wp-technik\/?page_id=184"},"modified":"2015-04-07T07:58:35","modified_gmt":"2015-04-07T05:58:35","slug":"geonext","status":"publish","type":"page","link":"https:\/\/www.medienzentrum-wmk.de\/wp-technik\/geonext\/","title":{"rendered":"GEONExT"},"content":{"rendered":"<p><img decoding=\"async\" src=\"https:\/\/www.medienzentrum-wmk.de\/wp-technik\/wp-content\/uploads\/formidable\/geonext1.png\" alt=\"GEONExT Logo\" title=\"GEONExT Logo\" style=\"max-width:500px;\"><\/p>\n<h3>Hersteller:<\/h3>\n<p>Universit\u00e4t Bayreuth (<a href=\"http:\/\/geonext.uni-bayreuth.de\/\">http:\/\/geonext.uni-bayreuth.de\/<\/a>)<\/p>\n<h3>Downloads:<\/h3>\n<p>Programm (<a href=\"http:\/\/geonext.uni-bayreuth.de\/index.php?id=2277\">http:\/\/geonext.uni-bayreuth.de\/index.php?id=2277<\/a>)<br \/>\nMaterialien (<a href=\"http:\/\/geonext.uni-bayreuth.de\/index.php?id=1918\">http:\/\/geonext.uni-bayreuth.de\/index.php?id=1918<\/a>)<\/p>\n<h3>Beschreibung:<\/h3>\n<p><p>Im letzten Newsletter hatten wir Ihnen das Mathematikprogramm GeoGebra vorgestellt. Heute wollen wir Ihnen eine weitere kostenlose Mathematik-Software vorstellen. Mit GEONExT zeichnen Sie mit einer einfach zu bedienenden Arbeitsoberfl\u00e4che geometrische Objekte. Winkel und Abst\u00e4nde k\u00f6nnen Sie anzeigen lassen. Das Programm l\u00e4sst sich als Unterst\u00fctzung im Geometrieunterricht einsetzen.<\/p>\n<p>GEONExT wird seit 1999 an der \u201eLehrstuhl f\u00fcr Mathematik und ihre Didaktik \u2013 Universit\u00e4t Bayreuthk\u00f6nnen\u201c entwickelt. Auf der \u00f6ffentlichen Seite k\u00f6nnen Sie neben dem Hauptprogramm auch Materialien downloaden, die Sie f\u00fcr den Unterricht oder Klassenarbeiten verwenden k\u00f6nnen.<\/p>\n<\/p>\n<p><span style=\"display:block;margin-bottom:50px;\"><\/span><\/p>\n","protected":false},"excerpt":{"rendered":"<p>Hersteller: Universit\u00e4t Bayreuth (http:\/\/geonext.uni-bayreuth.de\/) Downloads: Programm (http:\/\/geonext.uni-bayreuth.de\/index.php?id=2277) Materialien (http:\/\/geonext.uni-bayreuth.de\/index.php?id=1918) Beschreibung: Im letzten Newsletter hatten wir Ihnen das Mathematikprogramm GeoGebra vorgestellt. Heute wollen wir Ihnen eine weitere kostenlose Mathematik-Software vorstellen. Mit GEONExT zeichnen Sie mit einer einfach zu bedienenden Arbeitsoberfl\u00e4che geometrische Objekte. Winkel und Abst\u00e4nde k\u00f6nnen Sie anzeigen lassen. Das Programm l\u00e4sst sich als Unterst\u00fctzung im [&hellip;]<\/p>\n","protected":false},"author":1,"featured_media":0,"parent":0,"menu_order":0,"comment_status":"closed","ping_status":"closed","template":"","meta":{"footnotes":""},"class_list":["post-184","page","type-page","status-publish","hentry","wpautop"],"aioseo_notices":[],"_links":{"self":[{"href":"https:\/\/www.medienzentrum-wmk.de\/wp-technik\/wp-json\/wp\/v2\/pages\/184","targetHints":{"allow":["GET"]}}],"collection":[{"href":"https:\/\/www.medienzentrum-wmk.de\/wp-technik\/wp-json\/wp\/v2\/pages"}],"about":[{"href":"https:\/\/www.medienzentrum-wmk.de\/wp-technik\/wp-json\/wp\/v2\/types\/page"}],"author":[{"embeddable":true,"href":"https:\/\/www.medienzentrum-wmk.de\/wp-technik\/wp-json\/wp\/v2\/users\/1"}],"replies":[{"embeddable":true,"href":"https:\/\/www.medienzentrum-wmk.de\/wp-technik\/wp-json\/wp\/v2\/comments?post=184"}],"version-history":[{"count":2,"href":"https:\/\/www.medienzentrum-wmk.de\/wp-technik\/wp-json\/wp\/v2\/pages\/184\/revisions"}],"predecessor-version":[{"id":188,"href":"https:\/\/www.medienzentrum-wmk.de\/wp-technik\/wp-json\/wp\/v2\/pages\/184\/revisions\/188"}],"wp:attachment":[{"href":"https:\/\/www.medienzentrum-wmk.de\/wp-technik\/wp-json\/wp\/v2\/media?parent=184"}],"curies":[{"name":"wp","href":"https:\/\/api.w.org\/{rel}","templated":true}]}}