{"id":197,"date":"2015-10-19T13:15:05","date_gmt":"2015-10-19T11:15:05","guid":{"rendered":"https:\/\/www.medienzentrum-wmk.de\/wp-technik\/?page_id=197"},"modified":"2018-04-10T11:49:56","modified_gmt":"2018-04-10T09:49:56","slug":"cw-sysinfo","status":"publish","type":"page","link":"https:\/\/www.medienzentrum-wmk.de\/wp-technik\/cw-sysinfo\/","title":{"rendered":"CW-Sysinfo"},"content":{"rendered":"<p><img decoding=\"async\" src=\"https:\/\/www.medienzentrum-wmk.de\/wp-technik\/wp-content\/uploads\/formidable\/horland.jpg\" alt=\"\" title=\"\" style=\"max-width:500px;\"><\/p>\n<h3>Hersteller:<\/h3>\n<p>horland smartware (<a href=\"www.horland.de\">www.horland.de<\/a>)<\/p>\n<h3>Downloads:<\/h3>\n<p>download von horland.de (<a href=\"http:\/\/www.horland.de\/cwsysinfo-download.html\">http:\/\/www.horland.de\/cwsysinfo-download.html<\/a>)<br \/>\ndownload von chip.de (<a href=\"http:\/\/www.chip.de\/downloads\/CWSysInfo_43283597.html\">http:\/\/www.chip.de\/downloads\/CWSysInfo_43283597.html<\/a>)<\/p>\n<h3>Beschreibung:<\/h3>\n<p><p>Kennen Sie schon CW-Sysinfo? Mit diesem kleinen Programm k\u00f6nnen Sie die Hard- und Software von Computern auslesen und inventarisieren.<\/p>\n<p>Mit der kostenlosen Version k\u00f6nnen Sie bis zu 50 Computer inventarisieren.<br \/>\nAu\u00dferdem k\u00f6nnen Sie einen Bericht erstellen und speichern. Den Inhalt k\u00f6nnen Sie nach Ihren Bed\u00fcrfnissen einstellen und speichern.<\/p>\n<p>Wenn Sie CW-Sysinfo auf einen USB-Stick kopieren, k\u00f6nnen Sie das Programm ohne Installation mit jedem Windows-Computer starten und direkt den Bericht anzeigen lassen.<\/p>\n<\/p>\n<p><span style=\"display:block;margin-bottom:50px;\"><\/span><\/p>\n","protected":false},"excerpt":{"rendered":"<p>Hersteller: horland smartware (www.horland.de) Downloads: download von horland.de (http:\/\/www.horland.de\/cwsysinfo-download.html) download von chip.de (http:\/\/www.chip.de\/downloads\/CWSysInfo_43283597.html) Beschreibung: Kennen Sie schon CW-Sysinfo? Mit diesem kleinen Programm k\u00f6nnen Sie die Hard- und Software von Computern auslesen und inventarisieren. Mit der kostenlosen Version k\u00f6nnen Sie bis zu 50 Computer inventarisieren. Au\u00dferdem k\u00f6nnen Sie einen Bericht erstellen und speichern. Den Inhalt k\u00f6nnen [&hellip;]<\/p>\n","protected":false},"author":2,"featured_media":0,"parent":0,"menu_order":0,"comment_status":"closed","ping_status":"open","template":"","meta":{"footnotes":""},"class_list":["post-197","page","type-page","status-publish","hentry","wpautop"],"aioseo_notices":[],"_links":{"self":[{"href":"https:\/\/www.medienzentrum-wmk.de\/wp-technik\/wp-json\/wp\/v2\/pages\/197","targetHints":{"allow":["GET"]}}],"collection":[{"href":"https:\/\/www.medienzentrum-wmk.de\/wp-technik\/wp-json\/wp\/v2\/pages"}],"about":[{"href":"https:\/\/www.medienzentrum-wmk.de\/wp-technik\/wp-json\/wp\/v2\/types\/page"}],"author":[{"embeddable":true,"href":"https:\/\/www.medienzentrum-wmk.de\/wp-technik\/wp-json\/wp\/v2\/users\/2"}],"replies":[{"embeddable":true,"href":"https:\/\/www.medienzentrum-wmk.de\/wp-technik\/wp-json\/wp\/v2\/comments?post=197"}],"version-history":[{"count":1,"href":"https:\/\/www.medienzentrum-wmk.de\/wp-technik\/wp-json\/wp\/v2\/pages\/197\/revisions"}],"predecessor-version":[{"id":246,"href":"https:\/\/www.medienzentrum-wmk.de\/wp-technik\/wp-json\/wp\/v2\/pages\/197\/revisions\/246"}],"wp:attachment":[{"href":"https:\/\/www.medienzentrum-wmk.de\/wp-technik\/wp-json\/wp\/v2\/media?parent=197"}],"curies":[{"name":"wp","href":"https:\/\/api.w.org\/{rel}","templated":true}]}}