{"id":205,"date":"2015-10-19T13:15:24","date_gmt":"2015-10-19T11:15:24","guid":{"rendered":"https:\/\/www.medienzentrum-wmk.de\/wp-technik\/?page_id=205"},"modified":"2015-10-19T13:15:24","modified_gmt":"2015-10-19T11:15:24","slug":"puresync","status":"publish","type":"page","link":"https:\/\/www.medienzentrum-wmk.de\/wp-technik\/puresync\/","title":{"rendered":"PureSync"},"content":{"rendered":"<p><img decoding=\"async\" src=\"https:\/\/www.medienzentrum-wmk.de\/wp-technik\/wp-content\/uploads\/formidable\/PureSync.jpg\" alt=\"\" title=\"\" style=\"max-width:500px;\"><\/p>\n<h3>Hersteller:<\/h3>\n<p>Jumping Bytes (<a href=\"http:\/\/www.jumpingbytes.com\">http:\/\/www.jumpingbytes.com<\/a>)<\/p>\n<h3>Downloads:<\/h3>\n<p>download von jumpingbytes.com (<a href=\"http:\/\/www.jumpingbytes.com\/puresync\/\">http:\/\/www.jumpingbytes.com\/puresync\/<\/a>)<br \/>\ndownload von chip.de (<a href=\"http:\/\/www.chip.de\/downloads\/PureSync_33965939.html\">http:\/\/www.chip.de\/downloads\/PureSync_33965939.html<\/a>)<\/p>\n<h3>Beschreibung:<\/h3>\n<p><p>F\u00fcr alle kleineren Verwaltungen, die ohne Server arbeiten, haben wir uns nach einer eleganten einfachen L\u00f6sung f\u00fcr Ihre regelm\u00e4\u00dfige Datensicherung umgeschaut.<br \/>\nDie wichtigen zu sichernden Dateien wie z.B. Office-Dokumente oder Bilder befinden sich auf Ihrer im Computer eingebauten Festplatte. Wenn Sie eine Kopie dieser Dateien auf einen anderen Datentr\u00e4ger (USB-Stick\/Festplatte)ablegen, haben Sie schon eine einfache Datensicherung gew\u00e4hrleistet.<br \/>\nDas regelm\u00e4\u00dfige Kopieren der kompletten Daten ist aufwendig und kostet Zeit. Das Programm PureSync hilft Ihnen schnell und einfach Ihre Kopie der Daten aktuell zu halten.<br \/>\nSie geben einmalig an, wo sich Ihre Daten befinden und auf welchen Datentr\u00e4ger Sie sichern wollen. Nun wird entweder zu einer bestimmten Zeit oder beim Einstecken des Datentr\u00e4ger die Kopie synchronisiert.<\/p>\n<\/p>\n<p><span style=\"display:block;margin-bottom:50px;\"><\/span><\/p>\n","protected":false},"excerpt":{"rendered":"<p>Hersteller: Jumping Bytes (http:\/\/www.jumpingbytes.com) Downloads: download von jumpingbytes.com (http:\/\/www.jumpingbytes.com\/puresync\/) download von chip.de (http:\/\/www.chip.de\/downloads\/PureSync_33965939.html) Beschreibung: F\u00fcr alle kleineren Verwaltungen, die ohne Server arbeiten, haben wir uns nach einer eleganten einfachen L\u00f6sung f\u00fcr Ihre regelm\u00e4\u00dfige Datensicherung umgeschaut. Die wichtigen zu sichernden Dateien wie z.B. Office-Dokumente oder Bilder befinden sich auf Ihrer im Computer eingebauten Festplatte. Wenn Sie [&hellip;]<\/p>\n","protected":false},"author":2,"featured_media":0,"parent":0,"menu_order":0,"comment_status":"closed","ping_status":"open","template":"","meta":{"footnotes":""},"class_list":["post-205","page","type-page","status-publish","hentry","wpautop"],"aioseo_notices":[],"_links":{"self":[{"href":"https:\/\/www.medienzentrum-wmk.de\/wp-technik\/wp-json\/wp\/v2\/pages\/205","targetHints":{"allow":["GET"]}}],"collection":[{"href":"https:\/\/www.medienzentrum-wmk.de\/wp-technik\/wp-json\/wp\/v2\/pages"}],"about":[{"href":"https:\/\/www.medienzentrum-wmk.de\/wp-technik\/wp-json\/wp\/v2\/types\/page"}],"author":[{"embeddable":true,"href":"https:\/\/www.medienzentrum-wmk.de\/wp-technik\/wp-json\/wp\/v2\/users\/2"}],"replies":[{"embeddable":true,"href":"https:\/\/www.medienzentrum-wmk.de\/wp-technik\/wp-json\/wp\/v2\/comments?post=205"}],"version-history":[{"count":1,"href":"https:\/\/www.medienzentrum-wmk.de\/wp-technik\/wp-json\/wp\/v2\/pages\/205\/revisions"}],"predecessor-version":[{"id":249,"href":"https:\/\/www.medienzentrum-wmk.de\/wp-technik\/wp-json\/wp\/v2\/pages\/205\/revisions\/249"}],"wp:attachment":[{"href":"https:\/\/www.medienzentrum-wmk.de\/wp-technik\/wp-json\/wp\/v2\/media?parent=205"}],"curies":[{"name":"wp","href":"https:\/\/api.w.org\/{rel}","templated":true}]}}